s divided by 463.
437
What is the remainder when 227 is divided by 26?
19
Calculate the remainder when 53412 is divided by 390.
372
What is the remainder when 85087 is divided by 90?
37
Calculate the remainder when 90302 is divided by 22567.
34
What is the remainder when 26314 is divided by 277?
276
Calculate the remainder when 9843 is divided by 7.
1
What is the remainder when 70575 is divided by 600?
375
Calculate the remainder when 2434 is divided by 123.
97
Calculate the remainder when 6344 is divided by 3168.
8
What is the remainder when 9109 is divided by 8?
5
Calculate the remainder when 108 is divided by 50.
8
Calculate the remainder when 6790 is divided by 2711.
1368
What is the remainder when 13157 is divided by 3009?
1121
What is the remainder when 2761 is divided by 217?
157
What is the remainder when 2973 is divided by 2966?
7
Calculate the remainder when 11574 is divided by 351.
342
What is the remainder when 2312 is divided by 298?
226
What is the remainder when 312 is divided by 243?
69
Calculate the remainder when 15580 is divided by 195.
175
What is the remainder when 83262 is divided by 65?
62
What is the remainder when 14223 is divided by 18?
3
What is the remainder when 1421 is divided by 460?
41
Calculate the remainder when 22689 is divided by 9.
0
What is the remainder when 29804 is divided by 281?
18
Calculate the remainder when 111886 is divided by 252.
250
Calculate the remainder when 6047 is divided by 335.
17
Calculate the remainder when 16083 is divided by 6.
3
Calculate the remainder when 1343 is divided by 222.
11
What is the remainder when 19266 is divided by 119?
107
Calculate the remainder when 6635 is divided by 77.
13
What is the remainder when 2227 is divided by 553?
15
Calculate the remainder when 5645 is divided by 2822.
1
What is the remainder when 1397848 is divided by 349460?
8
What is the remainder when 156203 is divided by 10413?
8
What is the remainder when 83461 is divided by 8346?
1
Calculate the remainder when 259048 is divided by 785.
783
Calculate the remainder when 15498 is divided by 146.
22
Calculate the remainder when 215 is divided by 165.
50
Calculate the remainder when 4659 is divided by 2304.
51
Calculate the remainder when 798 is divided by 190.
38
What is the remainder when 9794 is divided by 52?
18
Calculate the remainder when 14925 is divided by 570.
105
What is the remainder when 71228 is divided by 17?
15
What is the remainder when 55486 is divided by 34?
32
Calculate the remainder when 37940 is divided by 12637.
29
What is the remainder when 2994 is divided by 150?
144
What is the remainder when 1291 is divided by 113?
48
Calculate the remainder when 1138401 is divided by 1058.
1051
What is the remainder when 2895 is divided by 417?
393
Calculate the remainder when 88730 is divided by 255.
245
Calculate the remainder when 208666 is divided by 6519.
58
What is the remainder when 408 is divided by 243?
165
Calculate the remainder when 21434 is divided by 46.
44
Calculate the remainder when 5708426 is divided by 44.
42
What is the remainder when 4371 is divided by 143?
81
What is the remainder when 12919 is divided by 637?
179
Calculate the remainder when 119372 is divided by 3979.
2
Calculate the remainder when 838213 is divided by 104775.
13
What is the remainder when 6478 is divided by 3228?
22
Calculate the remainder when 299741 is divided by 46.
5
Calculate the remainder when 5186 is divided by 51.
35
Calculate the remainder when 57184 is divided by 55.
39
Calculate the remainder when 1102229 is divided by 186.
179
What is the remainder when 17277 is divided by 50?
27
Calculate the remainder when 11301 is divided by 1877.
39
What is the remainder when 36406 is divided by 164?
162
Calculate the remainder when 124037 is divided by 899.
874
Calculate the remainder when 14718 is divided by 1335.
33
Calculate the remainder when 9099 is divided by 9049.
50
Calculate the remainder when 12481 is divided by 57.
55
What is the remainder when 29146 is divided by 14?
12
What is the remainder when 125889 is divided by 11?
5
Calculate the remainder when 5790 is divided by 252.
246
What is the remainder when 2142 is divided by 1308?
834
What is the remainder when 532535 is divided by 749?
745
Calculate the remainder when 140436 is divided by 46805.
21
Calculate the remainder when 220429 is divided by 101.
47
What is the remainder when 2047883 is divided by 141?
140
What is the remainder when 6338 is divided by 154?
24
Calculate the remainder when 6835 is divided by 960.
115
What is the remainder when 7897 is divided by 283?
256
Calculate the remainder when 3509 is divided by 129.
26
Calculate the remainder when 325 is divided by 37.
29
Calculate the remainder when 27549 is divided by 6.
3
Calculate the remainder when 307 is divided by 2.
1
What is the remainder when 8450 is divided by 3452?
1546
What is the remainder when 16237 is divided by 16?
13
Calculate the remainder when 959 is divided by 120.
119
Calculate the remainder when 769 is divided by 231.
76
What is the remainder when 308248 is divided by 77?
17
Calculate the remainder when 23833 is divided by 7932.
37
What is the remainder when 501655 is divided by 277?
8
Calculate the remainder when 13820 is divided by 6.
2
Calculate the remainder when 191813 is divided by 65.
63
What is the remainder when 848 is divided by 824?
24
Calculate the remainder when 1601949 is divided by 400487.
1
Calculate the remainder when 2559 is divided by 236.
199
What is the remainder when 1784 is divided by 542?
158
What is the remainder when 63291 is divided by 959?
956
What is the remainder when 7281 is divided by 89?
72
Calculate the remainder when 12954 is divided by 428.
114
What is the remainder when 895 is divided by 57?
40
Calculate the remainder when 88291 is divided by 34.
27
Calculate the remainder when 438 is divided by 245.
193
What is the remainder when 19888 is divided by 117?
115
What is the remainder when 182131 is divided by 10711?
44
What is the remainder when 2814 is divided by 699?
18
Calculate the remainder when 32627 is divided by 227.
166
Calculate the remainder when 6221 is divided by 1153.
456
Calculate the remainder when 7137 is divided by 42.
39
Calculate the remainder when 10297475 is divided by 1542.
1541
What is the remainder when 326956 is divided by 630?
616
What is the remainder when 44301 is divided by 7382?
9
Calculate the remainder when 3651 is divided by 1808.
35
What is the remainder when 67679 is divided by 21?
17
What is the remainder when 18481 is divided by 39?
34
What is the remainder when 3176 is divided by 855?
611
What is the remainder when 156951 is divided by 184?
183
What is the remainder when 302665 is divided by 570?
565
Calculate the remainder when 2029 is divided by 1863.
166
What is the remainder when 3694 is divided by 60?
34
What is the remainder when 1083133 is divided by 361041?
10
What is the remainder when 35436 is divided by 35405?
31
What is the remainder when 30923 is divided by 219?
44
Calculate the remainder when 17473 is divided by 55.
38
Calculate the remainder when 20563 is divided by 180.
43
Calculate the remainder when 1603 is divided by 787.
29
Calculate the remainder when 123499 is divided by 60.
19
What is the remainder when 106877 is divided by 379?
378
Calculate the remainder when 3735 is divided by 3727.
8
What is the remainder when 1443367 is divided by 37?
34
What is the remainder when 28552 is divided by 3567?
16
Calculate the remainder when 11316 is divided by 151.
142
What is the remainder when 166798 is divided by 1476?
10
What is the remainder when 9507 is divided by 191?
148
What is the remainder when 113706 is divided by 28424?
10
Calculate the remainder when 13037 is divided by 936.
869
What is the remainder when 24571 is divided by 52?
27
Calculate the remainder when 578041 is divided by 267.
253
Calculate the remainder when 233170 is divided by 524.
514
Calculate the remainder when 15342 is divided by 14.
12
Calculate the remainder when 10835 is divided by 49.
6
Calculate the remainder when 5163 is divided by 1680.
123
Calculate the remainder when 1870 is divided by 145.
130
What is the remainder when 16424 is divided by 1824?
8
Calculate the remainder when 386142